e factors of 1017?
3, 113
List the prime factors of 2664.
2, 3, 37
What are the prime factors of 1884?
2, 3, 157
What are the prime factors of 117?
3, 13
What are the prime factors of 443?
443
What are the prime factors of 4395?
3, 5, 293
What are the prime factors of 1312?
2, 41
List the prime factors of 19965.
3, 5, 11
List the prime factors of 109739.
7, 61, 257
List the prime factors of 847.
7, 11
What are the prime factors of 9483?
3, 29, 109
What are the prime factors of 58775?
5, 2351
What are the prime factors of 1270?
2, 5, 127
List the prime factors of 15781.
43, 367
List the prime factors of 14052.
2, 3, 1171
What are the prime factors of 65530?
2, 5, 6553
List the prime factors of 6919.
11, 17, 37
List the prime factors of 1024.
2
List the prime factors of 8588.
2, 19, 113
List the prime factors of 249.
3, 83
List the prime factors of 923.
13, 71
What are the prime factors of 22309?
7, 3187
What are the prime factors of 3486?
2, 3, 7, 83
List the prime factors of 11164.
2, 2791
List the prime factors of 20.
2, 5
List the prime factors of 1371.
3, 457
List the prime factors of 8493.
3, 19, 149
What are the prime factors of 31189?
31189
What are the prime factors of 2189?
11, 199
List the prime factors of 5079.
3, 1693
List the prime factors of 4497.
3, 1499
What are the prime factors of 7818?
2, 3, 1303
What are the prime factors of 1055?
5, 211
List the prime factors of 3167.
3167
List the prime factors of 3662.
2, 1831
What are the prime factors of 504?
2, 3, 7
What are the prime factors of 804?
2, 3, 67
What are the prime factors of 674?
2, 337
What are the prime factors of 5520?
2, 3, 5, 23
What are the prime factors of 183?
3, 61
List the prime factors of 1192.
2, 149
List the prime factors of 55864.
2, 6983
List the prime factors of 1559.
1559
List the prime factors of 6775.
5, 271
What are the prime factors of 65814?
2, 3, 7, 1567
List the prime factors of 1736.
2, 7, 31
List the prime factors of 62046.
2, 3, 383
What are the prime factors of 7153?
23, 311
List the prime factors of 91.
7, 13
What are the prime factors of 770?
2, 5, 7, 11
List the prime factors of 63774.
2, 3, 1181
List the prime factors of 71756.
2, 17939
List the prime factors of 3779.
3779
List the prime factors of 17531.
47, 373
List the prime factors of 4033.
37, 109
List the prime factors of 13757.
13757
List the prime factors of 1365.
3, 5, 7, 13
List the prime factors of 471.
3, 157
What are the prime factors of 11577?
3, 17, 227
List the prime factors of 2203.
2203
List the prime factors of 17875.
5, 11, 13
What are the prime factors of 131749?
131749
What are the prime factors of 118559?
7, 16937
List the prime factors of 5189.
5189
What are the prime factors of 4076?
2, 1019
What are the prime factors of 24817?
13, 23, 83
List the prime factors of 7641.
3, 283
List the prime factors of 812.
2, 7, 29
List the prime factors of 13530.
2, 3, 5, 11, 41
What are the prime factors of 2390?
2, 5, 239
List the prime factors of 3671.
3671
What are the prime factors of 44446?
2, 71, 313
List the prime factors of 10250.
2, 5, 41
What are the prime factors of 7891?
13, 607
List the prime factors of 50895.
3, 5, 13, 29
List the prime factors of 43797.
3, 13, 1123
What are the prime factors of 12081?
3, 4027
What are the prime factors of 786?
2, 3, 131
List the prime factors of 17.
17
List the prime factors of 9863.
7, 1409
What are the prime factors of 944?
2, 59
List the prime factors of 711.
3, 79
List the prime factors of 1105.
5, 13, 17
What are the prime factors of 2300?
2, 5, 23
What are the prime factors of 72?
2, 3
List the prime factors of 764.
2, 191
List the prime factors of 53214.
2, 3, 7, 181
List the prime factors of 14535.
3, 5, 17, 19
What are the prime factors of 1152?
2, 3
List the prime factors of 816.
2, 3, 17
What are the prime factors of 112116?
2, 3, 9343
List the prime factors of 25618.
2, 12809
What are the prime factors of 68652?
2, 3, 1907
What are the prime factors of 4377?
3, 1459
List the prime factors of 5333.
5333
List the prime factors of 1784.
2, 223
What are the prime factors of 57426?
2, 3, 17, 563
List the prime factors of 10185.
3, 5, 7, 97
What are the prime factors of 19943?
7, 11, 37
List the prime factors of 1206.
2, 3, 67
List the prime factors of 59914.
2, 29, 1033
What are the prime factors of 2146?
2, 29, 37
List the prime factors of 1316.
2, 7, 47
List the prime factors of 1837.
11, 167
List the prime factors of 1405.
5, 281
What are the prime factors of 12826?
2, 11, 53
What are the prime factors of 25381?
17, 1493
List the prime factors of 22656.
2, 3, 59
What are the prime factors of 57307?
17, 3371
List the prime factors of 17.
17
What are the prime factors of 1116?
2, 3, 31
What are the prime factors of 19443?
3, 6481
What are the prime factors of 65442?
2, 3, 13, 839
What are the prime factors of 3395?
5, 7, 97
What are the prime factors of 2075?
5, 83
List the prime factors of 1406.
2, 19, 37
What are the prime factors of 3693?
3, 1231
List the prime factors of 3158.
2, 1579
List the prime factors of 14720.
2, 5, 23
What are the prime factors of 43879?
11, 3989
List the prime factors of 133471.
13, 10267
List the prime factors of 5101.
5101
List the prime factors of 1252.
2, 313
What are the prime factors of 59502?
2, 3, 47, 211
List the prime factors of 461.
461
What are the prime factors of 1178?
2, 19, 31
List the prime factors of 46977.
3, 7, 2237
List the prime factors of 2942.
2, 1471
List the prime factors of 883.
883
What are the prime factors of 684?
2, 3, 19
What are the prime factors of 30400?
2, 5, 19
List the prime factors of 106825.
5, 4273
List the prime factors of 5629.
13, 433
What are the prime factors of 19677?
3, 7, 937
What are the prime factors of 547?
547
What are the prime factors of 679?
7, 97
List the prime factors of 1713.
3, 571
What are the prime factors of 1537?
29, 53
What are the prime factors of 3089?
3089
List the prime factors of 23713.
23, 1031
List the prime factors of 18468.
2, 3, 19
List the prime factors of 1391.
13, 107
List the prime factors of 14458.
2, 7229
What are the prime factors of 2175?
3, 5, 29
List the prime factors of 12524.
2, 31, 101
What are the prime factors of 2119?
13, 163
List the prime factors of 37395.
3, 5, 277
What are the prime factors of 497?
7, 71
What are the prime factors of 1472?
2, 23
List the prime factors of 15885.
3, 5, 353
List the prime factors of 820.
2, 5, 41
What are the prime factors of 82554?
2, 3, 13759
What are the prime factors of 7015?
5, 23, 61
What are the prime factors of 5035?
5, 19, 53
List the prime factors of 1489.
1489
List the prime factors of 38894.
2, 19447
List the prime factors of 90760.
2, 5, 2269
What are the prime factors of 90294?
2, 3, 101, 149
List the prime factors of 285.
3, 5, 19
What are the prime factors of 786?
2, 3, 131
What are the prime factors of 54238?
2, 47, 577
List the prime factors of 3572.
2, 19, 47
What are the prime factors of 5154?
2, 3, 859
What are the prime factors of 4441?
4441
List the prime factors of 943.
23, 41
List the prime factors of 14713.
14713
What are the prime factors of 6239?
17, 367
What are the prime factors of 4895?
5, 11, 89
List the prime factors of 4592.
2, 7, 41
List the prime factors of 62581.
62581
What are the prime factors of 892?
2, 223
What are the prime factors of 104?
2, 13
What are the prime factors of 2032?
2, 127
What are the prime factors of 1194?
2, 3, 199
List the prime factors of 42161.
7, 19, 317
List the prime factors of 14096.
2, 881
List the prime factors of 35909.
149, 241
What are the prime factors of 28955?
5, 5791
List the prime factors of 25199.
113, 223
List the prime factors of 2470.
2, 5, 13, 19
What are the prime factors of 55232?
2, 863
List the prime factors of 30750.
2, 3, 5, 41
What are the prime factors of 2017?
2017
List the prime factors of 2242.
2, 19, 59
What are the prime factors of 37742?
2, 113, 167
What are the prime factors of 2224?
2, 139
List the prime factors of 3010.
2, 5, 7, 43
What are the prime factors of 1716?
2, 3, 11, 13
What are the prime factors of 130463?
283, 461
List the prime factors of 1422.
2, 3, 79
What are the prime factors of 1141?
7, 163
List the prime factors of 2711.
2711
List the prime factors o